*i = 4*i - 157. Is i composite?
False
Let a(v) = 7*v**2 + 6*v + 24. Is a(-19) composite?
False
Let h(d) = 5*d**3 - 1 - 3*d**2 - 3 - d + 2*d + 5. Is h(2) prime?
True
Let s be (-35)/(-20) - 2/(-8). Let u(t) = -3*t**s + 2*t**3 + 3*t - 6 - t**3 - 2*t**2. Is u(5) a composite number?
True
Suppose -259 = 3*j + 5. Let c = j + 219. Is c a prime number?
True
Let k = 4338 - 2461. Suppose 0*h - k = -5*h - 2*v, -3*h + v + 1135 = 0. Is h a composite number?
True
Let n = -5 - -9. Suppose -4*r + n*x - 28 = 0, 4*r + 0*r - 17 = -5*x. Is (8/r + -1)*-3 a prime number?
False
Suppose 317 + 105 = k. Suppose 3*i = 5*i + 582. Let d = i + k. Is d prime?
True
Let i(h) = 4*h**2 + 21*h + 4. Is i(-11) a prime number?
True
Let o(t) = -18*t + 4. Let c(i) = 1. Let s(x) = -5*c(x) + o(x). Suppose -2 - 1 = q. Is s(q) a prime number?
True
Suppose 0 = -f - 4*f - 10. Let j be 316 + f + (1 - 2). Suppose 2*d - 9 = j. Is d a prime number?
False
Let r(c) be the third derivative of 0*c**5 + 0*c**4 + 0*c + 2*c**2 - 1/120*c**6 + 0 + 1/3*c**3. Is r(-2) composite?
True
Let g be (-1 + (-15)/(-6))*10. Suppose q - g = 53. Suppose 0 = -4*d + 56 + q. Is d prime?
True
Let y(h) = 82*h**3 + 2*h - 1. Suppose 2*z + 0*z - 22 = -4*d, 0 = d - 3*z + 5. Suppose 2*w + 0*w = 4*b, -8 = -d*w. Is y(b) a composite number?
False
Let r be (-2)/(2*-1) + 3. Suppose 0*v - 16 = -2*v - 4*w, r*v - 5*w + 7 = 0. Is (119/v)/(7/14) prime?
False
Let f(x) = 5*x**2 + 10*x - 14. Is f(-11) a composite number?
True
Suppose -6008 = -5*i - 4*n + 2*n, -4*i = 5*n - 4803. Let j = -619 + i. Is j prime?
False
Suppose -3*a - 11015 = -5*m, -m + 1231 = 2*a - 972. Is m a composite number?
False
Suppose 2*n - n - 75 = 0. Suppose n = k - 4*j, -2*k - 2*j = -147 + 47. Is k a prime number?
False
Let t = 165 - 134. Is t a composite number?
False
Let k(i) be the second derivative of i**4/12 + i**3 - i**2 - i. Suppose f + 11 = -0*f. Is k(f) a composite number?
False
Let p = 27 - -2. Suppose -o + 14 = 3*l, -3*o - 4*l = -p - 13. Is o prime?
False
Suppose -4*k - 24 = -8*k. Suppose -4*n - k*w + 2*w = -820, -4*w + 1029 = 5*n. Is n composite?
True
Suppose 5*q - 209 - 61 = 0. Let m = 91 - q. Is m prime?
True
Let i be -209 - (4 - 2 - 4). Let s = i - -328. Is s a composite number?
True
Let z be (-1)/(-3 + 5/2). Suppose -3*m - 4*b = m - 72, -16 = -z*m + 3*b. Is m a composite number?
True
Let v be 2/((-2)/(-2)) - 2. Suppose v = -3*t - 4*h, -t + 3*h + 2 = -11. Suppose 2*m - 3*l + 52 = 3*m, l - 153 = -t*m. Is m a composite number?
False
Let z = 21 - -847. Suppose -y + 5*p = -272, 2*p + z = y + 2*y. Suppose -2*t - 114 + y = 0. Is t a prime number?
True
Suppose 0 = -4*l - 0*y - y + 8159, 3*l - 3*y - 6108 = 0. Is l prime?
True
Let u be -2 + (3/(-3) - -8). Suppose 0 = u*s - 594 + 139. Is s a prime number?
False
Let s(g) = -52*g - 5. Let y be s(-5). Suppose 5*z - 4*r = y, 2*r + 212 - 61 = 3*z. Is z composite?
False
Let s(o) = 20*o + 7. Let f = 22 - 16. Is s(f) composite?
False
Let y(n) = -46*n**2 + 8*n - 3. Let v(c) = 15*c**2 - 3*c + 1. Let h(g) = -8*v(g) - 3*y(g). Is h(1) a composite number?
False
Suppose 0 = -5*f - 2*a - 2, -3*a - 3 = -0*a. Suppose f = -5*j + 2*s + 701, 4*s = -4*j + s + 570. Is j a prime number?
False
Let d = 403 - 246. Is d composite?
False
Suppose 225 = 2*u + w - 675, -2*u + 5*w = -888. Is u a composite number?
False
Suppose 172 = 40*d - 38*d. Is d a composite number?
True
Let m be ((-2)/4)/((-3)/(-6)). Let i = 17 + -2. Let k = i + m. Is k prime?
False
Let b(g) = 18*g**3 + g. Suppose 3*h = 3*s, -3*s - 2*s = -2*h + 6. Let r = -1 - s. Is b(r) a composite number?
False
Let p be 9*10 + -6 + 5. Let i = p + -10. Is i a prime number?
True
Suppose 4*b = 5*b - 18. Suppose 5*o = -3*j - 23, b = -5*o + j + j. Is (-2)/o - 61/(-2) composite?
False
Suppose -3*m + 9 = -3*o, -3 - 6 = 4*m + 3*o. Suppose m = -x + 4*x - 6. Suppose j + x*j - 111 = 0. Is j a composite number?
False
Let k(r) = 17*r**3 + 2. Let y be k(2). Suppose 4*q - y = 22. Suppose -2*d - q = -6*d. Is d composite?
True
Is (-2 - -5 - -41) + -1 a composite number?
False
Let l(v) = -v**3 + 3*v**2 - 1. Let u be l(1). Let r be (-74)/(u*-2) + -1. Suppose w = -3*w + r. Is w a composite number?
True
Let b(j) = j**2 + 2*j - 2. Let i be b(-5). Suppose -4*d = -161 + i. Is d a prime number?
True
Let x(i) = -i - 5. Let j be x(-5). Suppose -2*l + 133 = -3*y, j = 4*l + 4*y - 177 - 139. Is l a prime number?
False
Let m be -1 + (1 - -3) + 1. Suppose h - m*f = -5, h + f + 1 = 3*f. Suppose -5*u - 2*c + 471 = -2*u, 0 = -u - h*c + 164. Is u composite?
True
Let l be 49 + (0/2 - 1). Suppose 8 = -4*w + l. Is w a composite number?
True
Let k = 2 - 3. Let x(o) = -780*o**2 + 143. Let j(u) = -11*u**2 + 2. Let y(q) = -143*j(q) + 2*x(q). Is y(k) prime?
True
Let w be (-78)/(-9) - (-2)/(-3). Suppose l - 11 - w = 0. Is l prime?
True
Let a(c) = -c**3 + c**2 + 6. Let t be a(0). Suppose -2*n - 2 - t = 0, -u = -n - 101. Is u composite?
False
Let n(o) = o**3 - 5*o**2 + 3*o. Let k be n(2). Let j = 21 + k. Is j prime?
False
Let s(i) = -i**3 - 10*i**2 - 8*i + 11. Let o be s(-9). Is ((-1)/o)/((-4)/1256) prime?
True
Let r(u) = 44*u - 5. Is r(3) prime?
True
Let p = 2 - 0. Suppose -10*i + 868 = -6*i. Suppose -p*o - i = -4*q + o, -q + 53 = -2*o. Is q prime?
False
Let p = -14 - -23. Suppose 0 = -p*h + 6*h + 33. Is h prime?
True
Suppose 5*h - 3 - 3 = 4*l, -2*h = -4*l. Let d be (14 - -1)*l/3. Suppose -3*a - 2*a = -d*b + 135, 3*b = -a + 65. Is b composite?
False
Let v be 3*(9/(-3) + 4). Suppose -4*l = 2*w - 542, -2*w - 2*l = v*w - 1331. Is w composite?
True
Let t be (-1)/((0 - 3)/3). Suppose t = -2*g - 1. Is (-5)/((-10)/174) + g prime?
False
Let g(s) = s**3 - 2*s + 1027. Is g(0) composite?
True
Let m(k) = -5*k**3 + 3*k - 2. Let a be m(2). Let u be 5/(75/a)*-5. Suppose -w = -u - 23. Is w composite?
True
Let y = -1520 - -2561. Is y composite?
True
Let a(n) = 14*n**2 - 29*n + 19. Let f(d) = -7*d**2 + 14*d - 9. Let v(p) = -4*a(p) - 9*f(p). Is v(8) prime?
True
Suppose 11 = -5*v - j - 34, 5*j = -3*v - 27. Let t(k) = -k**3 - 3*k**2 + 2*k + 11. Is t(v) composite?
False
Suppose -2*d + 0*d + 2 = 5*o, 0 = 3*d - 5*o - 3. Is 479/1*(2 - d) prime?
True
Suppose 0*w + 5*a = -w + 44, -3*a = 6. Let y = -32 + w. Is y composite?
True
Let v(u) be the first derivative of u**4/4 - 8*u**3/3 - 4*u**2 + 10*u + 5. Is v(9) prime?
True
Suppose 0 = 13*m - 17*m + 444. Is m prime?
False
Let q(x) = 15*x**3 + 8*x**2 + x + 8. Let n(k) = -7*k**3 - 4*k**2 - 4. Let g(c) = -7*n(c) - 3*q(c). Suppose -2*y + 3 = -y. Is g(y) a prime number?
True
Is (-44)/(-154) + 579/7 composite?
False
Let q = -498 - -805. Is q prime?
True
Let b(t) = t**3 - 6*t**2 + 25*t - 27. Is b(11) composite?
False
Suppose 522 = 4*k - 2*a, 2*a = -0*a + 2. Is k prime?
True
Is (-1 + 70/15 + -2)*1437 a prime number?
False
Suppose z = 2*b - 7*b + 484, 0 = -2*b + 5*z + 199. Is b composite?
False
Let o(a) = -a**2 + 7*a + 6. Let u(r) = -r**3 - 5*r**2 + 4*r - 5. Let d be u(-6). Let m be o(d). Is m/(-18) - (-148)/3 a prime number?
False
Suppose -4*a + 0 = 20. Let z(w) = -w - 7. Let f be z(a). Is 32 + 2*1/f prime?
True
Let z(x) = x**2 + x - 85. Let s = -5 - -5. Let q be z(s). Let n = q - -120. Is n a prime number?
False
Let x(l) = 350*l**3 - 2*l**2 - l. Let c be x(-1). Let s = c + 568. Is s composite?
True
Let n = 91 - 52. Is n a composite number?
True
Suppose -2360 = -5*z + z + 3*u, -z - 3*u + 575 = 0. Is z a composite number?
False
Let n be (0 - -2)/((-2)/(-7)). Suppose -2*b = -n*b + 50. Is b composite?
True
Let z = 7 - 31. Let g be -4 + 3 - (-49)/7. Is g/(-8) + (-282)/z composite?
False
Suppose -4*k + 3*i = -i - 32, -5*i = 2*k + 5. Suppose 4*g - 9 = -3*x + g, -4*x + 3*g = -k. Is 7/(x + (-5)/3) composite?
True
Suppose 0 = 5*h - 43 + 223. Let s = -17 - h. Is s prime?
True
Let q = 6 - 3. Is ((-581)/(-21))/(1/q) prime?
True
Suppose -g - 5*r + 2 = -r, -5*r = 0. Suppose 5*c - 610 = -0*t - 5*t, -g*t - 4*c = -234. Is t a composite number?
False
Let j(y) be the second derivative of 13*y**5/120 - y**4/12 - y**3/3 - y. Let p(q) be the second derivative of j(q). Is p(3) prime?
True
Suppose -4*i + 4785 = -i. Suppose 0*r = 5*r - i. Is r a prime number?
False
Let g(r) = 14*r - 8. Let i be (-7)/(-2)*(1 + -3). Let d be g(i). Let w = d + 263. Is w composite?
False
Suppose -2 = -0*u - 2*u. Let b(q) = 6*q**2 + 1. Let l be b(u). Suppose -12 =